 = 13. List the prime factors of x.
2
Let c = 12 - 58. Let t = -4 - c. Let z = t - 10. What are the prime factors of z?
2
Let q(w) = w**2 - 7*w - 26. Suppose -7*m = -158 + 60. List the prime factors of q(m).
2, 3
Let b(y) = y**2 - 23*y + 39. Let i be b(21). List the prime factors of 5*(6/i + 12).
2, 5
Let t = -27 + 29. What are the prime factors of 4/(-12) - 67*t/(-6)?
2, 11
Let j = -81 - -87. Suppose 0 = 4*b - 20, j*a - 3*a - 660 = -3*b. What are the prime factors of a?
5, 43
Suppose 5*y = 25, -4*v + 4*y = -2*v - 190. Suppose 2*n = v + 91. What are the prime factors of n?
2, 7
Let h = 421 + -286. List the prime factors of h.
3, 5
Let q be (-4)/4 - 3 - -3. Let s(p) = -3*p**3 + p**2 - p - 1. Let u be s(q). Suppose 5*y = u*b - 0*y - 114, 4*y + 8 = 0. List the prime factors of b.
2, 13
Suppose -2*l + 2*a + 3346 = 0, -2*l - 2*a = 230 - 3588. What are the prime factors of l?
2, 419
Suppose -6 = -g - 3. Suppose v = -g*z + 7*z - 53, -5*z = -4*v - 80. Let q = 13 + z. What are the prime factors of q?
5
Suppose 1 - 17 = -4*f. Let g(h) be the first derivative of -h**4/4 + 4*h**3/3 + 3*h**2 - 4*h + 5. List the prime factors of g(f).
2, 5
What are the prime factors of (-12)/7*3038/(-124)?
2, 3, 7
Suppose 3*n - 2*v = 424, -5*v + 180 - 50 = n. Let b = -62 + n. What are the prime factors of b?
2, 3, 13
Let z = -84 - -59. Let g = 85 + z. Let h = 110 - g. List the prime factors of h.
2, 5
Suppose 0 = -0*x - 5*x - 55. Let w = x + 24. Let k = w - 10. What are the prime factors of k?
3
Let y = 263 + -156. Let j = y - 62. What are the prime factors of j?
3, 5
Let w be ((-36)/24)/((-3)/8). Suppose w*k = 3*k + 9. What are the prime factors of k?
3
Suppose -2*l = -15 - 5. Suppose 53*t - 815 - 775 = 0. Let s = t + l. List the prime factors of s.
2, 5
Let r be (-375)/10*(-24)/(-15). Let z = 93 + r. What are the prime factors of z?
3, 11
Suppose 2*c + 2*c - 320 = 0. Suppose -2*h + 4*w + 82 = 0, 2*h + 3*h + 2*w = 229. Let t = c - h. What are the prime factors of t?
5, 7
Suppose -6*b - 5*h + 250 = -b, 3*h = -4*b + 198. Let l(s) = 34*s + 2. Let p be l(2). Let t = p - b. What are the prime factors of t?
2, 11
Let b(v) = v**3 - 7*v**2 + 3*v - 1. Let h be b(8). Suppose -h = -5*y + 98. List the prime factors of y.
37
Suppose -349 - 111 = -2*d. Let y be d/40 - 3/4. Suppose 95 = 3*c - y*s, 0 + 3 = -3*s. List the prime factors of c.
2, 3, 5
Let m = 904 + -38. What are the prime factors of m?
2, 433
Let p(j) = j**3 + 7*j**2 + 5*j - 3. Let y be p(-6). Suppose -2*c - i = y*i - 354, 4*c = 4*i + 672. What are the prime factors of c?
3, 19
Let p(c) = c**3 + 30*c**2 + 26*c - 192. What are the prime factors of p(-19)?
3, 5, 73
Let a be -19*(-4)/(8/2). Let i be (a - 6)/((-2)/(-4)). Suppose -36 = -4*s - 2*b, -i = -2*s - 4*b + 4. What are the prime factors of s?
7
Suppose 3794 = 6*w + 644. List the prime factors of w.
3, 5, 7
Let r = -593 - -1048. What are the prime factors of r?
5, 7, 13
Suppose 2*z - 2*f - 604 = -z, 381 = 2*z + 3*f. What are the prime factors of z?
2, 3, 11
Suppose -9333 = -32*g + 6635. What are the prime factors of g?
499
Let g(o) = 3*o**2 - 17. What are the prime factors of g(-24)?
29, 59
Suppose 6*d - 5 = d. Suppose 9 = 2*w - d. Suppose 0 = -w*c + n + 53, 6 = c - 4*n - 16. List the prime factors of c.
2, 5
Let r(p) = -5*p**3 + 4*p**2 + 4*p + 2. List the prime factors of r(-5).
7, 101
Let h(m) = -13*m**3 - 5*m**2 - 11*m + 21. List the prime factors of h(-5).
2, 197
Suppose 0 = -34*r + 38*r - 6288. List the prime factors of r.
2, 3, 131
Let r(a) = -25*a**2 - 11*a - 23. Let d(h) = 1. Let c(f) = -5*d(f) - r(f). What are the prime factors of c(-2)?
2, 3
Suppose m = -m + 496. Suppose -c = 7*c - m. List the prime factors of c.
31
Let x = -46 + 566. List the prime factors of x.
2, 5, 13
Let n be (-1)/(-1) + -3*5. Let r(c) be the third derivative of c**6/120 + 7*c**5/30 - c**4/8 - 3*c**3 - 44*c**2. What are the prime factors of r(n)?
2, 3
Suppose 15 = 5*j, -2*b - 2*j - 6 = -4*j. Suppose h - 2 = b, h - 3*h - 16 = 5*y. List the prime factors of y/12*2*-30.
2, 5
Let x be 32/10 + -1*(-3)/(-15). Suppose -x*b = -6 - 9. What are the prime factors of b?
5
Let q be (-1)/(-2)*(-630)/3. Let d = -34 - q. What are the prime factors of d?
71
Let u(x) = 4*x - 5. Let a(s) = -s**2 + 6*s - 4. Let t be a(6). Let g be u(t). Let b = -13 - g. List the prime factors of b.
2
Let i = -5 + 9. Suppose -a - i = -0*a. List the prime factors of a/(-3)*(-3)/(-2).
2
Let t(f) be the first derivative of -f**2/2 + 4. Let h be t(-2). Suppose 0 = h*s - s - 8. List the prime factors of s.
2
Suppose -3 = -3*q, 2*n - 4*q = -n - 49. List the prime factors of 520/12 - 10/n.
2, 11
List the prime factors of 459 + (11 + -5 - 8).
457
Let x(b) be the first derivative of b + 13*b**3 + 0*b**3 + 7 + 0*b**3. What are the prime factors of x(-1)?
2, 5
Let r(p) = -p**3 + p**2 - 6*p + 8. Let l = 146 - 149. List the prime factors of r(l).
2, 31
Suppose -21*g + 25*g = 840. Suppose -q - 3*q + g = -3*s, 0 = q - 4*s - 59. What are the prime factors of q?
3, 17
Let a(v) = -v**2 - 15*v + 52. Let n be a(-17). Suppose -2*g = r - 102, -r + 94 + n = -3*g. What are the prime factors of r?
2, 53
Suppose -11*j + 3750 = -6337. What are the prime factors of j?
7, 131
Suppose -1077 - 1383 = -4*h. What are the prime factors of h?
3, 5, 41
Let k be (-2)/(-3) - 476/3. Let t = 244 + k. List the prime factors of t.
2, 43
Suppose 3*h + 19*h = 119240. List the prime factors of h.
2, 5, 271
Let u(o) = o**2 + 8*o + 8. Let y be u(-7). Suppose -y + 13 = c. What are the prime factors of (0 - (-4)/16)*c?
3
Let o = 691 - -96. List the prime factors of o.
787
Let y = 8 + -13. Let j = y - -67. What are the prime factors of j?
2, 31
Suppose -3*v - 2*f + 62 = 0, -5*v - f - 55 = -156. Let s be v/7 - 11/(-77). Suppose 0 = -b + 2, b = -s*l + 182. List the prime factors of l.
2, 3, 5
Let o(m) = -m**3 + 8*m**2 - 8*m + 6. Let x = 0 + 5. Let r be o(x). Suppose 16 = -4*q, 5*y - r - 3 = q. List the prime factors of y.
2
Suppose -2*r = 2*r. Let y(b) = -b + 22. Let g be y(r). Suppose -t = -3*u - 26, -4 + g = t + u. What are the prime factors of t?
2, 5
Suppose -3*y + 386 = -2*m, -4*m - 508 = -4*y - 0*m. Let h = 231 - y. What are the prime factors of h?
3, 11
Suppose -13*i + 54 = -7*i. Suppose u - 3150 = -i*u. List the prime factors of u.
3, 5, 7
Let l = 1777 + -662. List the prime factors of l.
5, 223
Let o(j) = j**3 - j + 25. Let w be 9/(-15) + 3/5. Let u be o(w). Let m = -17 + u. List the prime factors of m.
2
Suppose -9*a - w + 3377 = -6*a, -2*w - 5621 = -5*a. What are the prime factors of a?
3, 5
Let c = 1579 + -310. What are the prime factors of c?
3, 47
What are the prime factors of 3/(-18) + 10/(-12) - -355?
2, 3, 59
Let f(z) = -152*z + 49. List the prime factors of f(-21).
7, 463
Suppose -2*u = -0*u. Let q(l) = -l**3 + 2*l**2 + 7*l. Let d be q(-3). Suppose 0 = -o + 3*z + 13, u*o - 2*o + 4*z = -d. What are the prime factors of o?
2, 5
Let b be (-2 + (-2865)/(-6))*8/6. Suppose 0 = 7*s - b - 521. List the prime factors of s.
3, 5, 11
Suppose -3*m + 294 = 3*l, 3*m = 5*l - 105 - 425. What are the prime factors of l?
103
Suppose 11 = g - 9. Suppose -23*k = -g*k - 450. What are the prime factors of k?
2, 3, 5
Let h be 1*(34 + 4/(-4)). Let o = h + -2. What are the prime factors of o?
31
Let z(h) = 747*h - 7. List the prime factors of z(1).
2, 5, 37
Let u(g) = 7*g - 15. Let q be u(-12). List the prime factors of (q/(-6))/(3/12).
2, 3, 11
Suppose -5*i = 5*h - 3315, -3*i + 2259 - 291 = -4*h. Suppose 9*l - 4*l = i. List the prime factors of (-1)/(3 + (-399)/l).
2, 11
Suppose 2*i - 3 = 45. Let v(c) = c**2 + 10*c + 24. Let y be v(-12). Let s = y - i. List the prime factors of s.
2, 3
Let u(x) = 8*x + 51. Let a(o) = -8*o - 53. Let j(q) = 2*a(q) + 3*u(q). List the prime factors of j(17).
3, 61
Let p(r) = r**3 - 10*r**2 - 2*r. Let y be p(-4). Let n = -118 - y. What are the prime factors of n?
2, 7
Let q(n) = -785*n - 280. What are the prime factors of q(-3)?
5, 83
Suppose 2*p - 1473 = -239. List the prime factors of p.
617
Suppose -8*f + 9053 = -27. List the prime factors of f.
5, 227
Suppose 2*v + t - 1179 = 0, v - 587 = -7*t + 4*t. List the prime factors of v.
2, 5, 59
Let x = 208 + -86. Let v = 230 - x. What are the prime factors of v?
2, 3
Suppose 0 = 5*g + s - 2227, 4*g + 3*s 